{"id":65,"date":"2013-04-06T16:54:05","date_gmt":"2013-04-06T13:54:05","guid":{"rendered":"http:\/\/koti.kapsi.fi\/~arttue\/metalli\/?page_id=65"},"modified":"2013-05-27T19:54:19","modified_gmt":"2013-05-27T16:54:19","slug":"historia","status":"publish","type":"page","link":"https:\/\/www.metalli146.net\/?page_id=65","title":{"rendered":"Historia"},"content":{"rendered":"<p>Jo vuonna 1944, eli heti sotien j\u00e4lkeen, alkoi Lapualla n\u00e4ky\u00e4 tarvetta j\u00e4rjest\u00e4ytymiselle metallity\u00f6t\u00e4 tekevien keskuudessa. Jo seuraavan vuoden alussa tilanne vaati yhteenliittymist\u00e4 ja asiat eteniv\u00e4t siihen pisteeseen, ett\u00e4 perustava kokous pidettiin Lapuan Ty\u00f6v\u00e4entalolla maaliskuun 15. p\u00e4iv\u00e4 1945.<\/p>\n<p>Kokouksessa oli l\u00e4sn\u00e4 130 metallity\u00f6l\u00e4ist\u00e4. Siell\u00e4 p\u00e4\u00e4tettiin t\u00e4ysin yksimielisesti perustaa Lapualle Metallity\u00f6v\u00e4en Ammattiosasto.<br \/>\nAluksi j\u00e4senet koostuivat l\u00e4hinn\u00e4 patruunatehtaan ty\u00f6ntekij\u00f6ist\u00e4, mutta my\u00f6hemmin mukaan liittyi my\u00f6s muista ty\u00f6paikoista j\u00e4seni\u00e4 \u2013 jopa j\u00e4rviseudulta (ty\u00f6huonekuntana).<\/p>\n<p>Alkuaikoina osaston oli, palkka- ja ty\u00f6ehtosopimusten lis\u00e4ksi, taisteltava voimakkaasti patruunatehtaan s\u00e4ilytt\u00e4misest\u00e4 Lapualla, sill\u00e4 er\u00e4ill\u00e4 tahoilla oli pyrkimyksen\u00e4 siirt\u00e4\u00e4 tehdas pois paikkakunnalta. K\u00e4yt\u00e4nn\u00f6ss\u00e4 n\u00e4in oli jo k\u00e4ynytkin, mutta sitke\u00e4 yhteydenpito eri p\u00e4\u00e4tt\u00e4j\u00e4elimiin tuotti lopulta voiton ja tehdas pysyi Lapualla.Kiireist\u00e4 aikaa oli my\u00f6s vuoden -56 yleislakko.<\/p>\n<p>60-luvun alussa osaston sis\u00e4ll\u00e4 syntyi hajaannusta ja liitto jakautui SAJ:n alaiseen Ter\u00e4s- Kaivos- ja Konepajaty\u00f6v\u00e4en liittoon ja Lapuan Patruunatehtaan Ty\u00f6ntekij\u00e4in Ammattiosasto R.Y.:hyn. Toiminta jatkui kahdella eri osastolla kunnes 31. marraskuuta 1970 SAJ:n alainen osasto lakkautettiin ja j\u00e4senet siirtyiv\u00e4t Lapuan Metallity\u00f6v\u00e4en ammattiosaston j\u00e4seniksi. J\u00e4senm\u00e4\u00e4r\u00e4 on t\u00e4m\u00e4n j\u00e4lkeen kasvanut silloisesta 600 j\u00e4senest\u00e4 nykyiseen yli 750 j\u00e4seneen.<\/p>\n<p>13.4.1976 tapahtunut patruunatehtaan r\u00e4j\u00e4hdys koetteli eritt\u00e4in l\u00e4heisesti my\u00f6s ammattiosastoamme. R\u00e4j\u00e4hdyksess\u00e4 kuoli 40 osastomme j\u00e4sent\u00e4 ja kymmeni\u00e4 loukkaantui. Onnettomuuden j\u00e4lkity\u00f6 avustustoiminnan, ja siihen liittyvien asioiden eri j\u00e4rjest\u00f6jen ja viranomaisten kanssa, jatkui pitk\u00e4\u00e4n 2000-luvule.<\/p>\n<p>Osastoon kuuluu nyky\u00e4\u00e4n j\u00e4seni\u00e4 lukuisilta pienilt\u00e4 ja isommilta ty\u00f6paikoilta. Sek\u00e4 itsemaksavia, ett\u00e4 oppilasj\u00e4seni\u00e4.<\/p>\n","protected":false},"excerpt":{"rendered":"<p>Jo vuonna 1944, eli heti sotien j\u00e4lkeen, alkoi Lapualla n\u00e4ky\u00e4 tarvetta j\u00e4rjest\u00e4ytymiselle metallity\u00f6t\u00e4 tekevien keskuudessa. Jo seuraavan vuoden alussa tilanne vaati yhteenliittymist\u00e4 ja asiat eteniv\u00e4t siihen pisteeseen, ett\u00e4 perustava kokous pidettiin Lapuan Ty\u00f6v\u00e4entalolla maaliskuun 15. p\u00e4iv\u00e4 1945. Kokouksessa oli l\u00e4sn\u00e4 &hellip; <a href=\"https:\/\/www.metalli146.net\/?page_id=65\">Lue loppuun <span class=\"meta-nav\">&rarr;<\/span><\/a><\/p>\n","protected":false},"author":3,"featured_media":0,"parent":0,"menu_order":0,"comment_status":"closed","ping_status":"open","template":"","meta":{"footnotes":""},"class_list":["post-65","page","type-page","status-publish","hentry"],"_links":{"self":[{"href":"https:\/\/www.metalli146.net\/index.php?rest_route=\/wp\/v2\/pages\/65","targetHints":{"allow":["GET"]}}],"collection":[{"href":"https:\/\/www.metalli146.net\/index.php?rest_route=\/wp\/v2\/pages"}],"about":[{"href":"https:\/\/www.metalli146.net\/index.php?rest_route=\/wp\/v2\/types\/page"}],"author":[{"embeddable":true,"href":"https:\/\/www.metalli146.net\/index.php?rest_route=\/wp\/v2\/users\/3"}],"replies":[{"embeddable":true,"href":"https:\/\/www.metalli146.net\/index.php?rest_route=%2Fwp%2Fv2%2Fcomments&post=65"}],"version-history":[{"count":9,"href":"https:\/\/www.metalli146.net\/index.php?rest_route=\/wp\/v2\/pages\/65\/revisions"}],"predecessor-version":[{"id":192,"href":"https:\/\/www.metalli146.net\/index.php?rest_route=\/wp\/v2\/pages\/65\/revisions\/192"}],"wp:attachment":[{"href":"https:\/\/www.metalli146.net\/index.php?rest_route=%2Fwp%2Fv2%2Fmedia&parent=65"}],"curies":[{"name":"wp","href":"https:\/\/api.w.org\/{rel}","templated":true}]}}